?
True
Is 51805279 composite?
False
Is 2855557 prime?
True
Is 3410929 composite?
False
Is 25863751 a composite number?
False
Is 12676901 composite?
False
Is 9931379 a composite number?
False
Is 173933119 a composite number?
False
Is 1510139 a prime number?
False
Is 7058497 a composite number?
False
Is 14064626 a prime number?
False
Is 162282401 composite?
True
Is 171926619 a prime number?
False
Is 325601057 prime?
True
Is 41584151 composite?
True
Is 227342521 a prime number?
False
Is 2398051 a prime number?
True
Is 131266661 a composite number?
True
Is 3758269 prime?
False
Is 491911993 a composite number?
False
Is 118449866 a prime number?
False
Is 9167549 a prime number?
True
Is 17458003 a composite number?
False
Is 584137 a composite number?
True
Is 263854061 a composite number?
False
Is 304157 prime?
False
Is 2327341 composite?
False
Is 52665793 a prime number?
True
Is 2341919 composite?
False
Is 32077531 a prime number?
False
Is 16485751 prime?
True
Is 158797831 a composite number?
True
Is 5434369 prime?
False
Is 51204057 a composite number?
True
Is 7669663 composite?
False
Is 37035715 a composite number?
True
Is 17896154 a composite number?
True
Is 501235669 a composite number?
True
Is 658457 a composite number?
True
Is 896811 a composite number?
True
Is 17359757 a composite number?
True
Is 70567187 a prime number?
False
Is 29146489 prime?
True
Is 19819949 a composite number?
True
Is 377775947 prime?
True
Is 426438329 composite?
False
Is 7259597 prime?
True
Is 5309329 a prime number?
True
Is 4540889 prime?
True
Is 1007689 prime?
False
Is 245762317 a composite number?
True
Is 441359 prime?
True
Is 176459 prime?
True
Is 36673277 composite?
True
Is 53776003 prime?
False
Is 9272927 a prime number?
True
Is 1881559 prime?
True
Is 92264867 a composite number?
False
Is 14310057 a composite number?
True
Is 753622 a prime number?
False
Is 6787549 a prime number?
False
Is 8812247 a prime number?
False
Is 71152541 a composite number?
True
Is 60920263 a composite number?
True
Is 1545421 prime?
True
Is 16059055 prime?
False
Is 5385179 a prime number?
True
Is 3893167 prime?
True
Is 53267563 a composite number?
True
Is 1303819 a prime number?
False
Is 47120059 a prime number?
False
Is 1808207 a prime number?
True
Is 14342173 composite?
True
Is 30614861 a composite number?
False
Is 2909501 composite?
True
Is 774913 a composite number?
True
Is 38911006 a composite number?
True
Is 14744435 a prime number?
False
Is 2963399 composite?
False
Is 2588783 a prime number?
False
Is 100707617 a composite number?
True
Is 6267693 a composite number?
True
Is 161219 prime?
False
Is 3257659 prime?
False
Is 7383955 a composite number?
True
Is 833747 composite?
False
Is 11926759 prime?
False
Is 13402423 a composite number?
False
Is 321991 a composite number?
False
Is 10219171 composite?
False
Is 53054581 prime?
True
Is 422497 a prime number?
False
Is 22892251 a prime number?
False
Is 8256337 prime?
True
Is 144644299 prime?
False
Is 5600467 prime?
False
Is 10420997 a prime number?
True
Is 84811547 a composite number?
True
Is 303693973 a composite number?
True
Is 3383531 a prime number?
True
Is 11215079 a composite number?
False
Is 148296013 a composite number?
True
Is 83952367 composite?
True
Is 15627917 composite?
False
Is 9156709 prime?
False
Is 12385679 prime?
False
Is 16044997 composite?
False
Is 5675107 prime?
True
Is 122954797 composite?
True
Is 4518989 composite?
False
Is 5971157 prime?
True
Is 25031023 a prime number?
False
Is 57194 a composite number?
True
Is 7187465 a prime number?
False
Is 290388667 a prime number?
True
Is 2835211 a composite number?
False
Is 925969 a prime number?
False
Is 3504157 a composite number?
True
Is 70078769 a prime number?
False
Is 557291611 a prime number?
False
Is 80525701 composite?
False
Is 327395 prime?
False
Is 8195767 composite?
False
Is 317057659 composite?
True
Is 11248631 a prime number?
True
Is 104143691 composite?
False
Is 30280687 a prime number?
True
Is 13921291 a composite number?
True
Is 2803201 prime?
True
Is 641579 a prime number?
True
Is 11043001 composite?
False
Is 1527079 prime?
True
Is 40329139 a prime number?
True
Is 727846139 a prime number?
True
Is 136941589 composite?
False
Is 317041 a prime number?
False
Is 148781213 composite?
True
Is 551595677 prime?
True
Is 11867899 prime?
False
Is 133261339 a prime number?
True
Is 2121547 composite?
True
Is 32114801 a composite number?
False
Is 9742469 a prime number?
False
Is 11487299 a prime number?
True
Is 3034709 a prime number?
True
Is 1700161 composite?
False
Is 252101 prime?
True
Is 7257889 prime?
False
Is 152169013 composite?
False
Is 43270303 composite?
True
Is 14778481 prime?
True
Is 200401 composite?
False
Is 107979581 composite?
False
Is 68439719 composite?
False
Is 12153779 a prime number?
False
Is 676264255 a composite number?
True
Is 1144239 a prime number?
False
Is 31535909 prime?
True
Is 4991367 a prime number?
False
Is 25840037 a prime number?
False
Is 4261183 a prime number?
True
Is 17104007 a composite number?
False
Is 1512523 a prime number?
False
Is 159410913 prime?
False
Is 781789 prime?
False
Is 477709 a prime number?
False
Is 2565559 a prime number?
True
Is 2320673 a prime number?
True
Is 979799 composite?
True
Is 11823023 composite?
False
Is 1600224797 composite?
False
Is 35715283 a prime number?
False
Is 46400009 a prime number?
True
Is 1485229 prime?
False
Is 5033533 prime?
False
Is 61134167 a composite number?
False
Is 2852539 composite?
True
Is 20236643 a prime number?
False
Is 3630489 a prime number?
False
Is 7788779 prime?
True
Is 34682807 prime?
False
Is 5304259 a prime number?
False
Is 37830131 a composite number?
False
Is 5562017 prime?
False
Is 48977177 a composite number?
False
Is 2995301 composite?
False
Is 5098627 a prime number?
True
Is 2302567 a composite number?
True
Is 11851811 prime?
False
Is 155615539 a prime number?
False
Is 584164057 a composite number?
False
Is 99469 composite?
False
Is 178645241 composite?
True
Is 22271339 a prime number?
True
Is 524149 composite?
False
Is 324767 prime?
False
Is 63717341 composite?
True
Is 9400189 a prime number?
True
Is 5492471 composite?
False
Is 2283959 composite?
True
Is 535529 a composite number?
False
Is 12614683 a prime number?
True
Is 127267841 prime?
True
Is 6103859 prime?
True
Is 48424967 a composite number?
False
Is 5328313 prime?
False
Is 4024259 composite?
False
Is 44317801 a composite number?
True
Is 57932233 a prime number?
False
Is 588131417 composite?
False
Is 1750253 composite?
False
Is 423971 a composite number?
True
Is 43996261 a composite number?
False
Is 5254889 a composite number?
False
Is 1144159 composite?
True
Is 36121 a prime number?
False
Is 4856963 a prime number?
True
Is 327572681 prime?
False
Is 1271001 composite?
True
Is 12730813 a prime number?
False
Is 1114349 prime?
True
Is 36083083 a prime number?
True
Is 283827353 a composite number?
False
Is 46180523 composite?
False
Is 43346231 composite?
False
Is 2693671 prime?
True
Is 1403221 composite?
True
Is 586252199 a prime number?
False
Is 99123083 a composite number?
True
Is 7175941 a composite number?
False
Is 41906741 a composite number?
False
Is 30996179 prime?
True
Is 179085635 a composite number?
True
Is 1275643 prime?
True
Is 363199 prime?
True
Is 2502719 composite?
False
Is 47878547 composite?
False
Is 80163305 prime?
False
Is 27082267 prime?
False
Is 602489 composite?
False
Is 7292073 prime?
False
Is 4975951 a prime number?
False
Is 7723477 a prime number?
True
Is 5487418 a composite number?
True
Is 48051611 a prime number?
True
Is 12616871 a prime number?
False
Is 12205691 composite?
False
Is 40855886 prime?
False
Is 5088089 composite?
False
Is 23096173 a composite number?
True
Is 326057 a composite number?
False
Is 16387399 prime?
False
Is 157351057 prime?
True
Is 20497421 composite?
True
Is 19053761 a prime number?
True
Is 804179 prime?
True
Is 27897143 composite?
False
Is 72527929 composite?
True
Is 13382273 prime?
False
Is 544633669 prime?
True
Is 86466803 composite?
False
Is 12203299 composite?
False
Is 10655327 a prime number?
True
Is 6436069 a composite number?
True
Is 190472479 a prime number?
True
Is 185734621 composite?
False
Is 8283863 a prime number?
False
Is 42337121 prime?
False
Is 